he remainder when 162 is divided by ((-18)/(-30)*-1)/((-3)/p).
30
Let o(u) = -536*u - 13314. What is the remainder when o(-29) is divided by 65?
20
Suppose a - 6*z + 10*z = 51, 3*a - 78 = 3*z. Let t = -16 + a. What is the remainder when t is divided by 6?
3
Suppose m - 4*u = -269 + 1032, -2*u = m - 781. Suppose -m = 28*d - 2847. What is the remainder when d is divided by 7?
4
Let z = 61 - 39. Suppose 0 = 47*q + 52 - 240. Suppose -t + z = q. What is the remainder when 71 is divided by t?
17
Let l(j) = 11*j**2 - 21*j + 57. Let h(s) = 2*s**2 + 2*s - 1. Let f(b) = 5*h(b) - l(b). Calculate the remainder when f(12) is divided by 28.
26
Let w(v) = 3*v + 79. Suppose 0 = -5*f + 175 + 45. What is the remainder when f is divided by w(-21)?
12
Let w(u) = -u**2 + 27*u - 4. Let x be w(23). Let a = -90 + x. Calculate the remainder when 76 is divided by (10 - a) + (-5 - -3).
6
Let p be (33/(-66))/((-2)/(-92)). Let j = 20 + 7. Let v = j + p. What is the remainder when 22 is divided by v?
2
Suppose -3*r + 14028 = -24*r. Let h = -508 - r. What is the remainder when h is divided by 43?
31
Let m(v) = v**3 + 7*v**2 + 4*v + 23. Calculate the remainder when m(-6) is divided by 1*(3 + -5) + 7.
0
Let x(w) = -w**3 + 14*w**2 + 37*w - 1. Calculate the remainder when x(-8) is divided by 139.
138
Let d(g) = g**3 + 9*g**2 - 18*g - 97. Calculate the remainder when d(-9) is divided by ((-4)/8)/(2/(-112)).
9
Let l(q) = 1 + 16*q**2 - 17*q**2 + 6 + 8*q**2. Let a(p) = 7*p**2 + 8. Let s(x) = -5*a(x) + 6*l(x). What is the remainder when 14 is divided by s(-1)?
5
Suppose -x + 3*l + 37 = 0, -63 = -2*x - 5*l + 44. Calculate the remainder when 350 is divided by x.
28
Suppose 327*h - 5599 - 1887 = -1273. Let u = 84 - 15. Calculate the remainder when u is divided by h.
12
Suppose -225*q + 56 = -223*q. Calculate the remainder when 37 is divided by q.
9
Let o = -28 + 7. Let f = o + 25. Suppose 0 = -f*s - 20, -3*s + 17 = 2*i - 0*i. Calculate the remainder when 94 is divided by i.
14
Suppose -3*m + 2*c = -10, -4*m + 3*c = -4 - 10. Suppose -309*a + 816 = -307*a. Suppose -6*b + a = -m*b. What is the remainder when b is divided by 13?
11
Let r(m) = m**3 - 27*m**2 - 57*m + 31. Let u be r(29). Let t = 201 - u. Calculate the remainder when t is divided by 24.
21
Suppose 539 = -2*y + 13*y. Let j = 27 + y. Calculate the remainder when j is divided by (-6)/(2 + 46/(-20)).
16
Let k(z) = 184*z + 2431. What is the remainder when k(-12) is divided by 63?
34
Let l(o) = 44*o - 38. Calculate the remainder when 6549 is divided by l(5).
179
Suppose 6*m + 1296 = -41*m + 3787. What is the remainder when 646 is divided by m?
10
Let t = -225 + 376. Let u = 4914 + -4903. Calculate the remainder when t is divided by u.
8
Let t = -2275 + 2432. What is the remainder when 601 is divided by t?
130
Let c(k) = -3*k**2 + 94*k + 46. Let o be c(32). Let x(t) = t**2 + 17*t - 8. What is the remainder when 175 is divided by x(o)?
5
Suppose -36*q - 14 + 53 = -285. Calculate the remainder when 3688 is divided by q.
7
Suppose 913*w = 563*w + 295400. Calculate the remainder when w is divided by 17.
11
Let v(r) = -18*r - 191. Let n be v(-11). Let p(b) = 43*b + 55. What is the remainder when p(n) is divided by 30?
26
Suppose -w + 4*l = 16, -18 - 2 = 5*w - 5*l. Suppose -2*c - 2*v + 126 - 2 = w, 0 = 3*c + 5*v - 182. Calculate the remainder when c is divided by 8.
0
Suppose -4*m + 7 = z, -3*z + z - 4*m = -34. What is the remainder when 78 + (-25 - (-387)/18)*(-20)/14 is divided by z?
2
Let x = -68 + 109. Suppose -4*l - 431 = -5*n, 0*l - 5*n - 297 = 3*l. Let j = l - -118. What is the remainder when x is divided by j?
13
Let m(a) = 11*a - 24. Let j(v) = 14*v - 23. Let h(r) = 4*j(r) - 5*m(r). What is the remainder when h(-12) is divided by 10?
6
Let x = -92 - -36. What is the remainder when 50 is divided by (-536)/(-18) - (-1 + x/(-72))?
20
Let z = -210 - -384. Let h = z - 104. Calculate the remainder when h is divided by 18.
16
Let j = -28242 - -28882. What is the remainder when j is divided by 215?
210
Let w(u) = 24*u. What is the remainder when ((3/24)/(27/2538))/(10 + (-2385)/240) is divided by w(2)?
44
Suppose 4*a = y + 291, 0*a + 5*a + 3*y - 368 = 0. Suppose -7*s + 579 = 131. Suppose -14*j = -10*j - s. What is the remainder when a is divided by j?
9
Suppose -g = 4*d - 413, 290 = 5*d + g - 226. Let r = 2493 + -2481. Calculate the remainder when d is divided by r.
7
Let c = 877 + -816. Let w(q) = q + 15. Let k be w(0). Suppose -3*z + k = -36. Calculate the remainder when c is divided by z.
10
Suppose 46*f = -11*f + 37848. Let z = -523 + f. What is the remainder when z is divided by 36?
33
Suppose 0 = -62*b + 506 + 14400 + 14916. Calculate the remainder when b is divided by 69.
67
Let u(j) = 2*j**2 + 5*j - 387. What is the remainder when u(19) is divided by 8?
6
Suppose -5*w = -0*l + 3*l - 35, -2*l + 16 = -4*w. Suppose l*a - 630 = 4*a. Calculate the remainder when a is divided by 9.
6
Let c be (-71)/((110/(-132))/(5/(-3))). Let d = 177 + c. Let h = 44 - 31. Calculate the remainder when d is divided by h.
9
Suppose 21*v - 727 - 3224 - 963 = 0. Calculate the remainder when v is divided by 73.
15
Let v = -226 - -225. Calculate the remainder when 4/(-34) + 567/51 + v is divided by 3.
1
Let a = 163 - 99. Calculate the remainder when 61 is divided by (2/(-4))/((-1)/a).
29
Suppose 149 = 177*b - 240 - 142. What is the remainder when 6817 is divided by b?
1
Let d be (13 + -10)*(-8)/(-6). Suppose 2*k = -r + 62, 4*k + 0*k - d*r = 112. What is the remainder when 114 is divided by k?
24
Let m = -95 + 100. Let h(u) = -8*u - u - u**2 - m + 2*u**2 + 13. What is the remainder when 8 is divided by h(9)?
0
Let j(w) = -23*w. Suppose 5*h = 4*o - 4102 + 4684, 564 = 5*h + 2*o. Calculate the remainder when h is divided by j(-1).
22
Let w be 124 - (-12)/9*-3. Let o be ((-2)/3)/((-4)/w). Suppose -2*n + o = -12. What is the remainder when 110 is divided by n?
14
Let m(r) = 3*r**2 - 4*r - 63. What is the remainder when m(-7) is divided by 5?
2
Let y = -305 - -310. Suppose y*v = 3*f + 90, -4*f + 36 = 2*v - 9*f. What is the remainder when 104 is divided by v?
14
Let t = 2899 + -2883. Calculate the remainder when 2013 is divided by t.
13
Let y = -50 + 64. Calculate the remainder when -1*(-63 + 6/3) is divided by 4/y - 2442/(-77).
29
Suppose -j + 2*r + 19 = 0, -4*j - 119*r + 96 = -117*r. Suppose -3*y + 219 = 2*l, -8*l - 3*y - 393 = -12*l. Calculate the remainder when l is divided by j.
10
Let d(g) = 38*g + 1449. What is the remainder when d(-31) is divided by 204/(-15)*(-5)/2?
33
What is the remainder when 5235 is divided by (-110)/(-4) + (11/(-1) - (-736)/64)?
27
Suppose -m + 37 = -4*m - 5*n, -5*m - 25 = n. Let y be (-3)/(((-3)/m)/(-1)). Calculate the remainder when 39 is divided by 7/y*(8 + 0).
11
Suppose -37 - 6 = -43*x. Calculate the remainder when 1/x + -20 + 150 is divided by 11.
10
Let v(n) be the second derivative of -n**2/2 - 47*n. Let w(a) = -23*a. Let q(t) = 3*v(t) + w(t). What is the remainder when q(-4) is divided by 45?
44
Let y(s) = -45*s + 57. Let v be 4/((-4)/67)*-1. Suppose -2*m + 231 = v. Calculate the remainder when m is divided by y(1).
10
Suppose 4*v + 60 = -3*t + 4*t, 105 = 3*t + 3*v. What is the remainder when (-3 + 12/(-8))/((-2)/52) is divided by t?
37
Let h(a) = 9*a - 55. Let t be h(41). Let d = t - 198. What is the remainder when d is divided by 12?
8
Suppose -36*w + 38*w = -n + 2397, -4*n + 9630 = 2*w. Calculate the remainder when n is divided by 12.
11
Calculate the remainder when (-4*(-16)/(-192))/(1/(-726)) is divided by (6*20)/2 - -1.
59
Let o be 124*(-1)/(-6) - (-1)/3. Suppose 20 - o = -d. Calculate the remainder when 34 is divided by ((2 - -2) + d)*(-78)/(-30).
8
Let p(b) = -3*b**2 - 27*b - 14. Let n be p(-9). Suppose 5*c = c + 28. What is the remainder when 19 - ((-72)/(-33) - n/(-77)) is divided by c?
3
Let h(k) = -2*k**3 - 5*k**2 + 11*k + 43. Suppose -54 = -17*z + 26*z. Calculate the remainder when h(z) is divided by 46.
45
Suppose -8*j = -6*j - 22. Suppose j*x - 1563 = 2441. Calculate the remainder when x is divided by 73.
72
What is the remainder when 222 is divided by 8510/222*12/10?
38
Suppose -2*a + c = 463 - 2663, -5*c - 3328 = -3*a. What is the remainder when a is divided by 98?
18
Suppose -7 - 5 = -3*y. Suppose o + 27